{"id":3545,"date":"2025-08-14T16:28:34","date_gmt":"2025-08-14T14:28:34","guid":{"rendered":"https:\/\/npb.asso.fr\/site\/?page_id=3545"},"modified":"2025-11-07T17:03:06","modified_gmt":"2025-11-07T16:03:06","slug":"concours-de-creation-de-logo","status":"publish","type":"page","link":"https:\/\/npb.asso.fr\/site\/blog\/concours-de-creation-de-logo\/","title":{"rendered":"VOTE LOGO"},"content":{"rendered":"\n<p>Chers adh\u00e9rents de Nautisme en Pays Blanc,<\/p>\n\n\n\n<p>C&rsquo;est le moment de laisser votre emprunte dans l&rsquo;histoire de NPB ! Au cours des derni\u00e8res semaines, vous nous avez propos\u00e9 de nouveaux logos pour renouveler notre identit\u00e9 visuelle. Aujourd&rsquo;hui, nous sommes ravis de vous les pr\u00e9senter!<\/p>\n\n\n\n<p>Votre opinion est essentielle. Le logo que nous choisirons deviendra le visage de notre organisation pour les ann\u00e9es \u00e0 venir. Il incarnera nos valeurs, notre \u00e9nergie et notre vision. Il sera l&rsquo;image de notre communaut\u00e9 dont vous faites partie !<\/p>\n\n\n\n<p>Pour contribuer, c&rsquo;est simple et rapide, il vous suffit de voter pour votre logo favori parmi la liste des logos.<\/p>\n\n\n\n<p>Le scrutin est ouvert jusqu&rsquo;au lundi 1er D\u00e9cembre minuit. Ne manquez pas cette chance d&rsquo;influencer directement notre image !<\/p>\n\n\n\n<p>VOTEZ MAINTENANT et faites partie de notre histoire !<\/p>\n\n\n\n<p>Le bureau de NPB<\/p>\n\n\n\n<div class=\"wp-block-columns is-layout-flex wp-container-core-columns-is-layout-9d6595d7 wp-block-columns-is-layout-flex\">\n<div class=\"wp-block-column is-layout-flow wp-block-column-is-layout-flow\">\n<figure class=\"wp-block-image size-large\"><img fetchpriority=\"high\" decoding=\"async\" width=\"819\" height=\"1024\" src=\"https:\/\/npb.asso.fr\/site\/wp-content\/uploads\/2025\/11\/5-819x1024.png\" alt=\"\" class=\"wp-image-3624\" srcset=\"https:\/\/npb.asso.fr\/site\/wp-content\/uploads\/2025\/11\/5-819x1024.png 819w, https:\/\/npb.asso.fr\/site\/wp-content\/uploads\/2025\/11\/5-240x300.png 240w, https:\/\/npb.asso.fr\/site\/wp-content\/uploads\/2025\/11\/5-768x960.png 768w, https:\/\/npb.asso.fr\/site\/wp-content\/uploads\/2025\/11\/5-93x116.png 93w, https:\/\/npb.asso.fr\/site\/wp-content\/uploads\/2025\/11\/5.png 1080w\" sizes=\"(max-width: 819px) 100vw, 819px\" \/><\/figure>\n<\/div>\n\n\n\n<div class=\"wp-block-column is-layout-flow wp-block-column-is-layout-flow\">\n<figure class=\"wp-block-image size-large\"><img decoding=\"async\" width=\"819\" height=\"1024\" src=\"https:\/\/npb.asso.fr\/site\/wp-content\/uploads\/2025\/11\/6-819x1024.png\" alt=\"\" class=\"wp-image-3625\" srcset=\"https:\/\/npb.asso.fr\/site\/wp-content\/uploads\/2025\/11\/6-819x1024.png 819w, https:\/\/npb.asso.fr\/site\/wp-content\/uploads\/2025\/11\/6-240x300.png 240w, https:\/\/npb.asso.fr\/site\/wp-content\/uploads\/2025\/11\/6-768x960.png 768w, https:\/\/npb.asso.fr\/site\/wp-content\/uploads\/2025\/11\/6-93x116.png 93w, https:\/\/npb.asso.fr\/site\/wp-content\/uploads\/2025\/11\/6.png 1080w\" sizes=\"(max-width: 819px) 100vw, 819px\" \/><\/figure>\n<\/div>\n<\/div>\n\n\n\n<div class=\"wp-block-columns is-layout-flex wp-container-core-columns-is-layout-9d6595d7 wp-block-columns-is-layout-flex\">\n<div class=\"wp-block-column is-layout-flow wp-block-column-is-layout-flow\">\n<figure class=\"wp-block-image size-large\"><img decoding=\"async\" width=\"819\" height=\"1024\" src=\"https:\/\/npb.asso.fr\/site\/wp-content\/uploads\/2025\/11\/8-819x1024.png\" alt=\"\" class=\"wp-image-3626\" srcset=\"https:\/\/npb.asso.fr\/site\/wp-content\/uploads\/2025\/11\/8-819x1024.png 819w, https:\/\/npb.asso.fr\/site\/wp-content\/uploads\/2025\/11\/8-240x300.png 240w, https:\/\/npb.asso.fr\/site\/wp-content\/uploads\/2025\/11\/8-768x960.png 768w, https:\/\/npb.asso.fr\/site\/wp-content\/uploads\/2025\/11\/8-93x116.png 93w, https:\/\/npb.asso.fr\/site\/wp-content\/uploads\/2025\/11\/8.png 1080w\" sizes=\"(max-width: 819px) 100vw, 819px\" \/><\/figure>\n<\/div>\n\n\n\n<div class=\"wp-block-column is-layout-flow wp-block-column-is-layout-flow\">\n<figure class=\"wp-block-image size-large\"><img loading=\"lazy\" decoding=\"async\" width=\"819\" height=\"1024\" src=\"https:\/\/npb.asso.fr\/site\/wp-content\/uploads\/2025\/11\/7-819x1024.png\" alt=\"\" class=\"wp-image-3627\" srcset=\"https:\/\/npb.asso.fr\/site\/wp-content\/uploads\/2025\/11\/7-819x1024.png 819w, https:\/\/npb.asso.fr\/site\/wp-content\/uploads\/2025\/11\/7-240x300.png 240w, https:\/\/npb.asso.fr\/site\/wp-content\/uploads\/2025\/11\/7-768x960.png 768w, https:\/\/npb.asso.fr\/site\/wp-content\/uploads\/2025\/11\/7-93x116.png 93w, https:\/\/npb.asso.fr\/site\/wp-content\/uploads\/2025\/11\/7.png 1080w\" sizes=\"(max-width: 819px) 100vw, 819px\" \/><\/figure>\n<\/div>\n<\/div>\n\n\n\n<div class=\"wp-block-columns is-layout-flex wp-container-core-columns-is-layout-9d6595d7 wp-block-columns-is-layout-flex\">\n<div class=\"wp-block-column is-layout-flow wp-block-column-is-layout-flow\">\n<figure class=\"wp-block-image size-large\"><img loading=\"lazy\" decoding=\"async\" width=\"819\" height=\"1024\" src=\"https:\/\/npb.asso.fr\/site\/wp-content\/uploads\/2025\/11\/3-819x1024.png\" alt=\"\" class=\"wp-image-3622\" srcset=\"https:\/\/npb.asso.fr\/site\/wp-content\/uploads\/2025\/11\/3-819x1024.png 819w, https:\/\/npb.asso.fr\/site\/wp-content\/uploads\/2025\/11\/3-240x300.png 240w, https:\/\/npb.asso.fr\/site\/wp-content\/uploads\/2025\/11\/3-768x960.png 768w, https:\/\/npb.asso.fr\/site\/wp-content\/uploads\/2025\/11\/3-93x116.png 93w, https:\/\/npb.asso.fr\/site\/wp-content\/uploads\/2025\/11\/3.png 1080w\" sizes=\"(max-width: 819px) 100vw, 819px\" \/><\/figure>\n<\/div>\n\n\n\n<div class=\"wp-block-column is-layout-flow wp-block-column-is-layout-flow\">\n<figure class=\"wp-block-image size-large\"><img loading=\"lazy\" decoding=\"async\" width=\"1080\" height=\"1350\" src=\"https:\/\/npb.asso.fr\/site\/wp-content\/uploads\/2025\/11\/4-819x1024.png\" alt=\"\" class=\"wp-image-3623\" srcset=\"https:\/\/npb.asso.fr\/site\/wp-content\/uploads\/2025\/11\/4-819x1024.png 819w, https:\/\/npb.asso.fr\/site\/wp-content\/uploads\/2025\/11\/4-240x300.png 240w, https:\/\/npb.asso.fr\/site\/wp-content\/uploads\/2025\/11\/4-768x960.png 768w, https:\/\/npb.asso.fr\/site\/wp-content\/uploads\/2025\/11\/4-93x116.png 93w, https:\/\/npb.asso.fr\/site\/wp-content\/uploads\/2025\/11\/4.png 1080w\" sizes=\"(max-width: 1080px) 100vw, 1080px\" \/><\/figure>\n<\/div>\n<\/div>\n\n\n\n<div class=\"wp-block-columns is-layout-flex wp-container-core-columns-is-layout-9d6595d7 wp-block-columns-is-layout-flex\">\n<div class=\"wp-block-column is-layout-flow wp-block-column-is-layout-flow\">\n<figure class=\"wp-block-image size-large\"><img loading=\"lazy\" decoding=\"async\" width=\"819\" height=\"1024\" src=\"https:\/\/npb.asso.fr\/site\/wp-content\/uploads\/2025\/11\/1-819x1024.png\" alt=\"\" class=\"wp-image-3619\" srcset=\"https:\/\/npb.asso.fr\/site\/wp-content\/uploads\/2025\/11\/1-819x1024.png 819w, https:\/\/npb.asso.fr\/site\/wp-content\/uploads\/2025\/11\/1-240x300.png 240w, https:\/\/npb.asso.fr\/site\/wp-content\/uploads\/2025\/11\/1-768x960.png 768w, https:\/\/npb.asso.fr\/site\/wp-content\/uploads\/2025\/11\/1-93x116.png 93w, https:\/\/npb.asso.fr\/site\/wp-content\/uploads\/2025\/11\/1.png 1080w\" sizes=\"(max-width: 819px) 100vw, 819px\" \/><\/figure>\n<\/div>\n\n\n\n<div class=\"wp-block-column is-layout-flow wp-block-column-is-layout-flow\">\n<figure class=\"wp-block-image size-large\"><img loading=\"lazy\" decoding=\"async\" width=\"819\" height=\"1024\" src=\"https:\/\/npb.asso.fr\/site\/wp-content\/uploads\/2025\/11\/2-819x1024.png\" alt=\"\" class=\"wp-image-3621\" srcset=\"https:\/\/npb.asso.fr\/site\/wp-content\/uploads\/2025\/11\/2-819x1024.png 819w, https:\/\/npb.asso.fr\/site\/wp-content\/uploads\/2025\/11\/2-240x300.png 240w, https:\/\/npb.asso.fr\/site\/wp-content\/uploads\/2025\/11\/2-768x960.png 768w, https:\/\/npb.asso.fr\/site\/wp-content\/uploads\/2025\/11\/2-93x116.png 93w, https:\/\/npb.asso.fr\/site\/wp-content\/uploads\/2025\/11\/2.png 1080w\" sizes=\"(max-width: 819px) 100vw, 819px\" \/><\/figure>\n<\/div>\n<\/div>\n\n\n\n<p class=\"has-text-align-center has-medium-font-size\">Cliquez ci-dessous pour choisir votre logo<\/p>\n\n\n\n<div class=\"wp-block-buttons is-content-justification-center is-layout-flex wp-container-core-buttons-is-layout-16018d1d wp-block-buttons-is-layout-flex\">\n<div class=\"wp-block-button is-style-fill\"><a class=\"wp-block-button__link has-vivid-red-background-color has-background wp-element-button\" href=\"https:\/\/forms.gle\/PFK71HQ5YJ4uBNeu8\">Je vote pour le logo<\/a><\/div>\n<\/div>\n","protected":false},"excerpt":{"rendered":"<p>Chers adh\u00e9rents de Nautisme en Pays Blanc, C&rsquo;est le moment de laisser votre emprunte dans l&rsquo;histoire de NPB ! Au cours des derni\u00e8res semaines, vous nous avez propos\u00e9 de nouveaux logos pour renouveler notre identit\u00e9 visuelle. Aujourd&rsquo;hui, nous sommes ravis de vous les pr\u00e9senter! Votre opinion est essentielle. Le logo que nous choisirons deviendra le [&hellip;]<\/p>\n","protected":false},"author":1,"featured_media":3547,"parent":8,"menu_order":0,"comment_status":"closed","ping_status":"closed","template":"","meta":{"ocean_post_layout":"full-width","ocean_both_sidebars_style":"","ocean_both_sidebars_content_width":0,"ocean_both_sidebars_sidebars_width":0,"ocean_sidebar":"","ocean_second_sidebar":"","ocean_disable_margins":"enable","ocean_add_body_class":"","ocean_shortcode_before_top_bar":"","ocean_shortcode_after_top_bar":"","ocean_shortcode_before_header":"","ocean_shortcode_after_header":"","ocean_has_shortcode":"","ocean_shortcode_after_title":"","ocean_shortcode_before_footer_widgets":"","ocean_shortcode_after_footer_widgets":"","ocean_shortcode_before_footer_bottom":"","ocean_shortcode_after_footer_bottom":"","ocean_display_top_bar":"default","ocean_display_header":"default","ocean_header_style":"","ocean_center_header_left_menu":"","ocean_custom_header_template":"","ocean_custom_logo":0,"ocean_custom_retina_logo":0,"ocean_custom_logo_max_width":0,"ocean_custom_logo_tablet_max_width":0,"ocean_custom_logo_mobile_max_width":0,"ocean_custom_logo_max_height":0,"ocean_custom_logo_tablet_max_height":0,"ocean_custom_logo_mobile_max_height":0,"ocean_header_custom_menu":"","ocean_menu_typo_font_family":"","ocean_menu_typo_font_subset":"","ocean_menu_typo_font_size":0,"ocean_menu_typo_font_size_tablet":0,"ocean_menu_typo_font_size_mobile":0,"ocean_menu_typo_font_size_unit":"px","ocean_menu_typo_font_weight":"","ocean_menu_typo_font_weight_tablet":"","ocean_menu_typo_font_weight_mobile":"","ocean_menu_typo_transform":"","ocean_menu_typo_transform_tablet":"","ocean_menu_typo_transform_mobile":"","ocean_menu_typo_line_height":0,"ocean_menu_typo_line_height_tablet":0,"ocean_menu_typo_line_height_mobile":0,"ocean_menu_typo_line_height_unit":"","ocean_menu_typo_spacing":0,"ocean_menu_typo_spacing_tablet":0,"ocean_menu_typo_spacing_mobile":0,"ocean_menu_typo_spacing_unit":"","ocean_menu_link_color":"","ocean_menu_link_color_hover":"","ocean_menu_link_color_active":"","ocean_menu_link_background":"","ocean_menu_link_hover_background":"","ocean_menu_link_active_background":"","ocean_menu_social_links_bg":"","ocean_menu_social_hover_links_bg":"","ocean_menu_social_links_color":"","ocean_menu_social_hover_links_color":"","ocean_disable_title":"default","ocean_disable_heading":"default","ocean_post_title":"","ocean_post_subheading":"","ocean_post_title_style":"centered","ocean_post_title_background_color":"","ocean_post_title_background":0,"ocean_post_title_bg_image_position":"","ocean_post_title_bg_image_attachment":"","ocean_post_title_bg_image_repeat":"","ocean_post_title_bg_image_size":"","ocean_post_title_height":0,"ocean_post_title_bg_overlay":0.5,"ocean_post_title_bg_overlay_color":"","ocean_disable_breadcrumbs":"default","ocean_breadcrumbs_color":"","ocean_breadcrumbs_separator_color":"","ocean_breadcrumbs_links_color":"","ocean_breadcrumbs_links_hover_color":"","ocean_display_footer_widgets":"default","ocean_display_footer_bottom":"default","ocean_custom_footer_template":"","footnotes":""},"class_list":["post-3545","page","type-page","status-publish","has-post-thumbnail","hentry","entry","has-media"],"_links":{"self":[{"href":"https:\/\/npb.asso.fr\/site\/wp-json\/wp\/v2\/pages\/3545","targetHints":{"allow":["GET"]}}],"collection":[{"href":"https:\/\/npb.asso.fr\/site\/wp-json\/wp\/v2\/pages"}],"about":[{"href":"https:\/\/npb.asso.fr\/site\/wp-json\/wp\/v2\/types\/page"}],"author":[{"embeddable":true,"href":"https:\/\/npb.asso.fr\/site\/wp-json\/wp\/v2\/users\/1"}],"replies":[{"embeddable":true,"href":"https:\/\/npb.asso.fr\/site\/wp-json\/wp\/v2\/comments?post=3545"}],"version-history":[{"count":11,"href":"https:\/\/npb.asso.fr\/site\/wp-json\/wp\/v2\/pages\/3545\/revisions"}],"predecessor-version":[{"id":3628,"href":"https:\/\/npb.asso.fr\/site\/wp-json\/wp\/v2\/pages\/3545\/revisions\/3628"}],"up":[{"embeddable":true,"href":"https:\/\/npb.asso.fr\/site\/wp-json\/wp\/v2\/pages\/8"}],"wp:featuredmedia":[{"embeddable":true,"href":"https:\/\/npb.asso.fr\/site\/wp-json\/wp\/v2\/media\/3547"}],"wp:attachment":[{"href":"https:\/\/npb.asso.fr\/site\/wp-json\/wp\/v2\/media?parent=3545"}],"curies":[{"name":"wp","href":"https:\/\/api.w.org\/{rel}","templated":true}]}}