{"id":532,"date":"2020-11-17T15:49:25","date_gmt":"2020-11-17T14:49:25","guid":{"rendered":"http:\/\/npb.asso.fr\/site\/?page_id=532"},"modified":"2020-12-10T11:39:37","modified_gmt":"2020-12-10T10:39:37","slug":"groupes","status":"publish","type":"page","link":"https:\/\/npb.asso.fr\/site\/groupes\/","title":{"rendered":"Groupes Multipagaie"},"content":{"rendered":"\n<p>Nous accueillons les groupes de Mars \u00e0 Juin pour le Printemps et de Septembre \u00e0 Novembre pour l&rsquo;Automne.<\/p>\n\n\n\n<p>Tout est mis en \u0153uvre pour la navigation et l&rsquo;apprentissage des diverses connaissances.<\/p>\n\n\n\n<p>Une salle de cours dans chaque base permet les briefings et debriefings par les moniteurs, les plans d&rsquo;eau et les supports de pagaie sur lesquels nous naviguons.<\/p>\n\n\n\n<p>Nous proposons trois types de supports, le Kayak de Mer, le Stand up Paddle et la Pirogue.<\/p>\n\n\n\n<div class=\"wp-block-columns is-layout-flex wp-container-core-columns-is-layout-1 wp-block-columns-is-layout-flex\">\n<div class=\"wp-block-column is-layout-flow wp-block-column-is-layout-flow\">\n<div class=\"wp-block-image is-style-default\"><figure class=\"aligncenter size-large\"><img decoding=\"async\" width=\"201\" height=\"149\" src=\"http:\/\/npb.asso.fr\/site\/wp-content\/uploads\/2020\/11\/kayak.jpg\" alt=\"\" class=\"wp-image-984\" srcset=\"https:\/\/npb.asso.fr\/site\/wp-content\/uploads\/2020\/11\/kayak.jpg 201w, https:\/\/npb.asso.fr\/site\/wp-content\/uploads\/2020\/11\/kayak-156x116.jpg 156w\" sizes=\"(max-width: 201px) 100vw, 201px\" \/><\/figure><\/div>\n<\/div>\n\n\n\n<div class=\"wp-block-column is-layout-flow wp-block-column-is-layout-flow\">\n<div class=\"wp-block-image is-style-default\"><figure class=\"aligncenter size-large is-resized\"><img decoding=\"async\" src=\"http:\/\/npb.asso.fr\/site\/wp-content\/uploads\/2020\/11\/multipagaie-3.jpg\" alt=\"\" class=\"wp-image-983\" width=\"209\" height=\"135\" srcset=\"https:\/\/npb.asso.fr\/site\/wp-content\/uploads\/2020\/11\/multipagaie-3.jpg 192w, https:\/\/npb.asso.fr\/site\/wp-content\/uploads\/2020\/11\/multipagaie-3-178x116.jpg 178w\" sizes=\"(max-width: 209px) 100vw, 209px\" \/><\/figure><\/div>\n<\/div>\n\n\n\n<div class=\"wp-block-column is-layout-flow wp-block-column-is-layout-flow\">\n<div class=\"wp-block-image is-style-default\"><figure class=\"aligncenter size-large is-resized\"><img decoding=\"async\" src=\"http:\/\/npb.asso.fr\/site\/wp-content\/uploads\/2020\/11\/pirogue.jpg\" alt=\"\" class=\"wp-image-990\" width=\"205\" height=\"132\" srcset=\"https:\/\/npb.asso.fr\/site\/wp-content\/uploads\/2020\/11\/pirogue.jpg 307w, https:\/\/npb.asso.fr\/site\/wp-content\/uploads\/2020\/11\/pirogue-300x194.jpg 300w, https:\/\/npb.asso.fr\/site\/wp-content\/uploads\/2020\/11\/pirogue-179x116.jpg 179w\" sizes=\"(max-width: 205px) 100vw, 205px\" \/><\/figure><\/div>\n<\/div>\n<\/div>\n\n\n\n<div class=\"wp-block-buttons aligncenter is-layout-flex wp-block-buttons-is-layout-flex\">\n<div class=\"wp-block-button\"><a class=\"wp-block-button__link\" href=\"http:\/\/npb.asso.fr\/site\/?page_id=303\">Nous contacter pour de plus amples renseignements<\/a><\/div>\n<\/div>\n\n\n\n<p><\/p>\n","protected":false},"excerpt":{"rendered":"<p>Nous accueillons les groupes de Mars \u00e0 Juin pour le Printemps et de Septembre \u00e0 Novembre pour l&rsquo;Automne. Tout est mis en \u0153uvre pour la navigation et l&rsquo;apprentissage des diverses connaissances. Une salle de cours dans chaque base permet les briefings et debriefings par les moniteurs, les plans d&rsquo;eau et les supports de pagaie sur [&hellip;]<\/p>\n","protected":false},"author":1,"featured_media":0,"parent":0,"menu_order":0,"comment_status":"closed","ping_status":"closed","template":"","meta":{"ocean_post_layout":"full-width","ocean_both_sidebars_style":"","ocean_both_sidebars_content_width":0,"ocean_both_sidebars_sidebars_width":0,"ocean_sidebar":"0","ocean_second_sidebar":"0","ocean_disable_margins":"enable","ocean_add_body_class":"","ocean_shortcode_before_top_bar":"","ocean_shortcode_after_top_bar":"","ocean_shortcode_before_header":"","ocean_shortcode_after_header":"","ocean_has_shortcode":"","ocean_shortcode_after_title":"","ocean_shortcode_before_footer_widgets":"","ocean_shortcode_after_footer_widgets":"","ocean_shortcode_before_footer_bottom":"","ocean_shortcode_after_footer_bottom":"","ocean_display_top_bar":"default","ocean_display_header":"default","ocean_header_style":"","ocean_center_header_left_menu":"0","ocean_custom_header_template":"0","ocean_custom_logo":0,"ocean_custom_retina_logo":0,"ocean_custom_logo_max_width":0,"ocean_custom_logo_tablet_max_width":0,"ocean_custom_logo_mobile_max_width":0,"ocean_custom_logo_max_height":0,"ocean_custom_logo_tablet_max_height":0,"ocean_custom_logo_mobile_max_height":0,"ocean_header_custom_menu":"0","ocean_menu_typo_font_family":"0","ocean_menu_typo_font_subset":"","ocean_menu_typo_font_size":0,"ocean_menu_typo_font_size_tablet":0,"ocean_menu_typo_font_size_mobile":0,"ocean_menu_typo_font_size_unit":"px","ocean_menu_typo_font_weight":"","ocean_menu_typo_font_weight_tablet":"","ocean_menu_typo_font_weight_mobile":"","ocean_menu_typo_transform":"","ocean_menu_typo_transform_tablet":"","ocean_menu_typo_transform_mobile":"","ocean_menu_typo_line_height":0,"ocean_menu_typo_line_height_tablet":0,"ocean_menu_typo_line_height_mobile":0,"ocean_menu_typo_line_height_unit":"","ocean_menu_typo_spacing":0,"ocean_menu_typo_spacing_tablet":0,"ocean_menu_typo_spacing_mobile":0,"ocean_menu_typo_spacing_unit":"","ocean_menu_link_color":"","ocean_menu_link_color_hover":"","ocean_menu_link_color_active":"","ocean_menu_link_background":"","ocean_menu_link_hover_background":"","ocean_menu_link_active_background":"","ocean_menu_social_links_bg":"","ocean_menu_social_hover_links_bg":"","ocean_menu_social_links_color":"","ocean_menu_social_hover_links_color":"","ocean_disable_title":"default","ocean_disable_heading":"default","ocean_post_title":"","ocean_post_subheading":"","ocean_post_title_style":"background-image","ocean_post_title_background_color":"","ocean_post_title_background":1300,"ocean_post_title_bg_image_position":"","ocean_post_title_bg_image_attachment":"","ocean_post_title_bg_image_repeat":"","ocean_post_title_bg_image_size":"","ocean_post_title_height":0,"ocean_post_title_bg_overlay":0.5,"ocean_post_title_bg_overlay_color":"","ocean_disable_breadcrumbs":"default","ocean_breadcrumbs_color":"","ocean_breadcrumbs_separator_color":"","ocean_breadcrumbs_links_color":"","ocean_breadcrumbs_links_hover_color":"","ocean_display_footer_widgets":"default","ocean_display_footer_bottom":"default","ocean_custom_footer_template":"0","footnotes":""},"class_list":["post-532","page","type-page","status-publish","hentry","entry"],"_links":{"self":[{"href":"https:\/\/npb.asso.fr\/site\/wp-json\/wp\/v2\/pages\/532","targetHints":{"allow":["GET"]}}],"collection":[{"href":"https:\/\/npb.asso.fr\/site\/wp-json\/wp\/v2\/pages"}],"about":[{"href":"https:\/\/npb.asso.fr\/site\/wp-json\/wp\/v2\/types\/page"}],"author":[{"embeddable":true,"href":"https:\/\/npb.asso.fr\/site\/wp-json\/wp\/v2\/users\/1"}],"replies":[{"embeddable":true,"href":"https:\/\/npb.asso.fr\/site\/wp-json\/wp\/v2\/comments?post=532"}],"version-history":[{"count":12,"href":"https:\/\/npb.asso.fr\/site\/wp-json\/wp\/v2\/pages\/532\/revisions"}],"predecessor-version":[{"id":1561,"href":"https:\/\/npb.asso.fr\/site\/wp-json\/wp\/v2\/pages\/532\/revisions\/1561"}],"wp:attachment":[{"href":"https:\/\/npb.asso.fr\/site\/wp-json\/wp\/v2\/media?parent=532"}],"curies":[{"name":"wp","href":"https:\/\/api.w.org\/{rel}","templated":true}]}}